59 + -89. Suppose -3*l + 8*l = f. What is the remainder when 40 is divided by l?
12
Let d(i) = i**2 - 2*i - 3. Let r be d(3). Suppose r*o + 2*z + 30 = -2*o, -z - 69 = 4*o. Calculate the remainder when 18 is divided by 12/o*(-1 + -14).
8
Suppose -2*l + l = -2. What is the remainder when 4 is divided by l?
0
Calculate the remainder when 8 is divided by (12/24)/(2/24).
2
Suppose -3*n - 4 = -7. Let c(i) = i**3 - 13*i**2 + 4. What is the remainder when ((-21)/(-9))/(n/3) is divided by c(13)?
3
Let f be (-2)/(-8) - 7/(-4). Calculate the remainder when 19 + f/(4/6) is divided by 8.
6
Let x(i) = -2*i - 7. What is the remainder when 33 is divided by x(-10)?
7
What is the remainder when 3 is divided by (1 + -4)/(-3)*1?
0
Suppose u = -2 - 3. Let i(n) = -16*n - 6. Let m be i(u). Suppose w - 2*w = -4*j - 25, -4*w + 3*j + m = 0. Calculate the remainder when w is divided by 6.
5
Suppose -2*u + 8 = 3*a, 5 = 4*a + 5*u - 1. Let h(n) = 2 + 0 + a*n**2 - 3*n**2 - 6 + n. What is the remainder when h(-3) is divided by 1?
0
Let y(j) = 2*j**2 - 2*j + 12. What is the remainder when y(0) is divided by 10?
2
Let t(x) = x**3 - 9*x**2 - 11*x + 15. Let m(y) = -y**3 + 5*y**2 - 2*y. What is the remainder when m(4) is divided by t(10)?
3
Suppose 0 = c - 5*c. Suppose c = -3*l - 2*l. Suppose t - 3*t + 26 = l. What is the remainder when t is divided by 7?
6
Suppose -5*g + 130 = -180. Suppose -3*v + g = 2. Calculate the remainder when 57 is divided by v.
17
Let h(z) = z**2 + 6*z + 6. Let w be h(-6). Let s(d) = -d**2 - 7*d + 6. What is the remainder when (44/w)/(2/3) is divided by s(-7)?
5
Suppose 13 = 2*i - 9. Let r(u) = 2*u**2 + 15*u - 35. What is the remainder when r(-11) is divided by i?
9
Suppose -5*y = -2*y - 219. Suppose -z + 0*u = 4*u - y, 0 = -z + 2*u + 43. What is the remainder when z is divided by 14?
11
Let p = -51 - -74. Calculate the remainder when 87 is divided by p.
18
Let x(f) = -6*f**3 + f**2 + f + 1. What is the remainder when 32 is divided by x(-1)?
4
Let r = 9 + -3. Suppose -2*o + 3*o = 11. Calculate the remainder when o is divided by r.
5
Suppose 251 = -0*r + 3*r + o, -5*r - 3*o = -421. Calculate the remainder when r is divided by 28.
27
Suppose 4*d = -6*d + 80. Let f = 11 - 8. Suppose 110 = f*s + 2*s. Calculate the remainder when s is divided by d.
6
Let m = 9 - 15. Let v = 30 + -28. What is the remainder when v is divided by (m/(-10) - 1)*-5?
0
Suppose i = 10 - 3. Suppose -t - i = -2*t. Let n(z) = 14*z**2 + 2*z + 1. Calculate the remainder when n(-1) is divided by t.
6
Suppose 0 = 16*n - 234 + 74. What is the remainder when 19 is divided by n?
9
Let v(k) = -k**2 - 12*k - 13. Let d be v(-9). Suppose o + d = 2*o. Calculate the remainder when o is divided by 4.
2
Suppose 2*i - 104 = 4*i. Let u = 43 - i. What is the remainder when u is divided by 32?
31
Let i(s) = -s**3 + 7*s**2 - 6*s - 8. Let y be i(6). Let r = y - -12. Let k(j) = j + 8. What is the remainder when r is divided by k(-6)?
0
Let k = 1 + -2. What is the remainder when 3 is divided by ((-5)/15)/(k/6)?
1
Suppose w - 364 = -3*l + 116, 2*l - 306 = 4*w. Calculate the remainder when l is divided by 40.
39
Suppose 0 = 5*p - 0*p - 25. Suppose -n = -p*n + 276. Suppose 0 = -0*v - 3*v + n. Calculate the remainder when v is divided by 8.
7
Let z be 1/(-4) + (-303)/(-12). Suppose -3*m = -17 - z. What is the remainder when 41 is divided by m?
13
Suppose -55*l - 4 = -56*l. Let i(d) = d**3 - d**2 - d + 6. Let n be i(0). Suppose 2*x = n*x - 8. Calculate the remainder when l is divided by x.
0
Let w(q) = 2*q**2 + 4*q + 2. Let t = 9 + -6. Suppose 2*a + 3*a + t*k = -1, 0 = -4*a - 4*k + 4. Calculate the remainder when 6 is divided by w(a).
0
Calculate the remainder when 24 is divided by (-35)/(-4) - 7/(-28).
6
Suppose 3*f - 96 = -3*l, l + 4*l = -3*f + 156. Calculate the remainder when 116 is divided by l.
26
What is the remainder when 69 is divided by 0 + 12/8 - (-22)/4?
6
Suppose 23 + 13 = 3*y - g, -3*y + 4*g + 36 = 0. Calculate the remainder when 46 is divided by y.
10
Let p(a) = 2*a**2 - 2*a - 1. Let s(f) = f**2 + 3*f + 3. What is the remainder when s(-3) is divided by p(-1)?
0
Let t(s) = s + 15. Calculate the remainder when 48 is divided by t(3).
12
Let h be 3/(-6)*0 + 2. Suppose 3*d - q - 107 = -2*d, -h*q = 4. Let n(j) = -j**2 + 7*j + 11. Calculate the remainder when d is divided by n(7).
10
Let r = -107 + 144. What is the remainder when 220 is divided by r?
35
Let t(d) = -d**2 + 14*d - 12. What is the remainder when 23 is divided by t(12)?
11
Let l(m) = -m**2 + 7*m + 6. What is the remainder when ((-27)/(-18))/(3/62) is divided by l(5)?
15
Let q(y) = -y**3 + 4*y**2 + y - 1. Calculate the remainder when 41 is divided by q(3).
8
Suppose -2*m = -3*g - 45, -21 = -3*m + 2*m + g. What is the remainder when 48 is divided by m?
12
Let n(r) = -r**2 - 10*r - 3. What is the remainder when n(-7) is divided by 10?
8
Calculate the remainder when 5/(3/45*3) is divided by 14.
11
Suppose r = 2*r - 70. What is the remainder when r is divided by 15?
10
Let o = 0 + -2. Let i = 7 + o. Suppose -i*t + 0*t = -25. What is the remainder when 14 is divided by t?
4
Suppose 0 = -8*w - 3*w + 99. Suppose 4*j - 2*j = 68. Calculate the remainder when j is divided by w.
7
Suppose -3*z - 2*h = -130, -2*h + 3*h = 4*z - 177. Suppose z = 2*j + j + 4*k, -k = -2. Calculate the remainder when j is divided by 7.
5
Let d(v) = v**2 + v + 8. Suppose 15 = 5*l - 0*l. Calculate the remainder when d(0) is divided by l.
2
Suppose 42 - 6 = 4*u. What is the remainder when 34 is divided by u?
7
Let y(d) = d**2 + 2*d + 1. Let f be y(-1). Let s(i) = i - 3*i**2 + 7 + 4*i**2 - 2*i. Calculate the remainder when 19 is divided by s(f).
5
Let w = 160 - 130. What is the remainder when 179 is divided by w?
29
Let p = -19 + 32. What is the remainder when 49 is divided by p?
10
Let p be -2 + 2 + 2 + -2. Let n be 0/(p + 2 + -1). Let w(m) = m + 18. What is the remainder when w(n) is divided by 10?
8
Let o = 25 + 0. Calculate the remainder when o is divided by 9.
7
What is the remainder when (-1)/4 - (-3038)/56 is divided by 7*2 - 0/3?
12
Let h(s) = -s**3 - s. Let q be h(-1). Let n be ((-92)/6)/(8/(-12)). Suppose -5 = y + q*m - n, 0 = m. What is the remainder when 53 is divided by y?
17
Let u(r) = 3*r**3 - 6*r**2 - 4*r - 6. Let i(y) = -y**2 - y - 1. Let w(x) = -5*i(x) + u(x). What is the remainder when 60 is divided by w(2)?
18
Let p be (-9)/3 - 1*10. Let q = p - -27. What is the remainder when 40 is divided by q?
12
Let t(w) = w**3 - 8*w**2 - 7*w - 2. What is the remainder when 60 is divided by t(9)?
12
Let r = -10 - -4. Calculate the remainder when 49 is divided by (357/r)/(-7)*2.
15
Suppose 16*u - 14*u = 92. Calculate the remainder when u is divided by (2/(-4))/(1/(-32)).
14
Let s(m) = 2*m + 26. Calculate the remainder when 96 is divided by s(12).
46
Let g(l) = -l**2 - 14*l + 34. What is the remainder when 6 is divided by g(-16)?
0
Suppose -2*f + 0 = -6, -4*o - 5*f - 73 = 0. Let l = 8 - o. Let j = -10 + 26. Calculate the remainder when l is divided by j.
14
Let p = 16 - 17. What is the remainder when (-10 - 3 - 3)*p is divided by 10?
6
Suppose 0 = -f + 4*t + 8 + 2, -2*f = -5*t - 23. Let k = -4 - -7. Suppose -130 = -5*l + k*p, 0 = -p - 0*p. What is the remainder when l is divided by f?
12
Suppose -2*y + 26 = -5*t, -y - y + 2*t + 20 = 0. Calculate the remainder when y is divided by 5.
3
Let w = -4 - -1. Let k = w - -7. Suppose 5*m + 5 + 5 = k*s, -3*s = 3*m - 21. What is the remainder when 9 is divided by s?
4
Let t(a) = -7*a**2 + 4*a + 11. Let c(z) = -6*z**2 + 5*z + 10. Let q(r) = 6*c(r) - 5*t(r). Calculate the remainder when 39 is divided by q(9).
11
Suppose 0 = -6*q - 0*q + 6. Calculate the remainder when 1 is divided by q.
0
Suppose -3*r - 5 = -38. Let k = 4 - -2. Suppose k*j + 2*m - 50 = 4*j, j + 3*m - 35 = 0. What is the remainder when j is divided by r?
9
Let k = 1 - -2. Suppose -o - 2*z + 55 = -4*o, -20 = 5*z. Let m = 30 + o. What is the remainder when m is divided by k?
0
Let y be ((-59)/2)/(1/2). Let q = -42 - y. What is the remainder when q is divided by 9?
8
Let h(k) = 7*k. Let v be h(1). Let g = v - 4. What is the remainder when 4 is divided by g?
1
Let p = -20 + 24. Suppose -p*g = -0*g - 44. Calculate the remainder when 42 is divided by g.
9
Let d = -20 - -14. 